{"id":5467,"date":"2024-11-26T15:54:46","date_gmt":"2024-11-26T14:54:46","guid":{"rendered":"https:\/\/eobjects.de\/?page_id=5467"},"modified":"2024-11-26T16:09:24","modified_gmt":"2024-11-26T15:09:24","slug":"aktuelles","status":"publish","type":"page","link":"https:\/\/eobjects.de\/?page_id=5467","title":{"rendered":"Aktuelles"},"content":{"rendered":"\t\t<div data-elementor-type=\"wp-page\" data-elementor-id=\"5467\" class=\"elementor elementor-5467\" data-elementor-post-type=\"page\">\n\t\t\t\t\t\t<section class=\"elementor-section elementor-top-section elementor-element elementor-element-006eba9 elementor-section-boxed elementor-section-height-default elementor-section-height-default\" data-id=\"006eba9\" data-element_type=\"section\" data-e-type=\"section\">\n\t\t\t\t\t\t<div class=\"elementor-container elementor-column-gap-default\">\n\t\t\t\t\t<div class=\"elementor-column elementor-col-100 elementor-top-column elementor-element elementor-element-e23b9f9\" data-id=\"e23b9f9\" data-element_type=\"column\" data-e-type=\"column\">\n\t\t\t<div class=\"elementor-widget-wrap elementor-element-populated\">\n\t\t\t\t\t\t<div class=\"elementor-element elementor-element-7e321e0 elementor-widget elementor-widget-posts\" data-id=\"7e321e0\" data-element_type=\"widget\" data-e-type=\"widget\" data-settings=\"{&quot;full_content_row_gap&quot;:{&quot;unit&quot;:&quot;px&quot;,&quot;size&quot;:35,&quot;sizes&quot;:[]}}\" data-widget_type=\"posts.full_content\">\n\t\t\t\t<div class=\"elementor-widget-container\">\n\t\t\t\t\t\t\t<div class=\"elementor-posts-container elementor-posts elementor-posts--skin-full_content elementor-grid\">\n\t\t\t\t<article class=\"elementor-post elementor-grid-item post-4095 post type-post status-publish format-standard has-post-thumbnail hentry category-allgemein category-news tag-aktion tag-autocad tag-black-friday tag-black-week tag-cad tag-connect tag-guenstig tag-microstation tag-nachlass tag-rabatt tag-software tag-switch tag-visualisieren entry has-media\">\n\t\t\t\t<div class=\"elementor-post__text\">\n\t\t<div class=\"elementor-post__content\"><style>.elementor-widget-text-editor{font-family:var( --e-global-typography-text-font-family ), Sans-serif;font-weight:var( --e-global-typography-text-font-weight );color:var( --e-global-color-text );}.elementor-widget-text-editor.elementor-drop-cap-view-stacked .elementor-drop-cap{background-color:var( --e-global-color-primary );}.elementor-widget-text-editor.elementor-drop-cap-view-framed .elementor-drop-cap, .elementor-widget-text-editor.elementor-drop-cap-view-default .elementor-drop-cap{color:var( --e-global-color-primary );border-color:var( --e-global-color-primary );}.elementor-widget-eael-feature-list .connector-type-classic .connector{border-color:var( --e-global-color-primary );}.elementor-widget-eael-feature-list .connector-type-modern .eael-feature-list-item:before, .elementor-widget-eael-feature-list .connector-type-modern .eael-feature-list-item:after{border-color:var( --e-global-color-primary );}.elementor-widget-eael-feature-list .eael-feature-list-content-box .eael-feature-list-title, .elementor-widget-eael-feature-list .eael-feature-list-content-box .eael-feature-list-title > a, .elementor-widget-eael-feature-list .eael-feature-list-content-box .eael-feature-list-title:visited{color:var( --e-global-color-primary );}.elementor-widget-eael-feature-list .eael-feature-list-content-box .eael-feature-list-title, .elementor-widget-eael-feature-list .eael-feature-list-content-box .eael-feature-list-title a{font-family:var( --e-global-typography-primary-font-family ), Sans-serif;font-weight:var( --e-global-typography-primary-font-weight );}.elementor-widget-eael-feature-list .eael-feature-list-content-box .eael-feature-list-content{color:var( --e-global-color-text );font-family:var( --e-global-typography-text-font-family ), Sans-serif;font-weight:var( --e-global-typography-text-font-weight );}.elementor-4095 .elementor-element.elementor-element-79d0a3f .eael-feature-list-items.eael-feature-list-horizontal{gap:15px;}.elementor-4095 .elementor-element.elementor-element-79d0a3f .eael-feature-list-items.eael-feature-list-vertical .eael-feature-list-item:not(:last-child){padding-bottom:calc(15px\/2);}.elementor-4095 .elementor-element.elementor-element-79d0a3f .eael-feature-list-items.eael-feature-list-vertical .eael-feature-list-item:not(:first-child){padding-top:calc(15px\/2);}body.rtl .elementor-4095 .elementor-element.elementor-element-79d0a3f .eael-feature-list-items.eael-feature-list-vertical .eael-feature-list-item:after{left:calc(-15px\/2);}.elementor-4095 .elementor-element.elementor-element-79d0a3f .eael-feature-list-items.eael-feature-list-vertical.connector-type-modern .eael-feature-list-item:not(:last-child):before{height:calc(100% + 15px);}.elementor-4095 .elementor-element.elementor-element-79d0a3f .eael-feature-list-items .eael-feature-list-icon-box .eael-feature-list-icon-inner{background-color:var( --e-global-color-primary );}.elementor-4095 .elementor-element.elementor-element-79d0a3f .eael-feature-list-items .eael-feature-list-icon{color:#fff;}.elementor-4095 .elementor-element.elementor-element-79d0a3f .eael-feature-list-items .eael-feature-list-icon svg{fill:#fff;}.elementor-4095 .elementor-element.elementor-element-79d0a3f .eael-feature-list-icon-box .eael-feature-list-icon{height:70px;width:70px;padding:15px 15px 15px 15px !important;}.elementor-4095 .elementor-element.elementor-element-79d0a3f .eael-feature-list-items.connector-type-classic .connector{right:calc(100% - 70px);}.elementor-4095 .elementor-element.elementor-element-79d0a3f .eael-feature-list-icon-box .eael-feature-list-icon i{font-size:29px !important;}.elementor-4095 .elementor-element.elementor-element-79d0a3f .eael-feature-list-icon-box .eael-feature-list-icon svg{width:29px !important;height:29px !important;line-height:29px !important;}.elementor-4095 .elementor-element.elementor-element-79d0a3f .eael-feature-list-icon-box .eael-feature-list-icon img{width:29px;height:29px;}.elementor-4095 .elementor-element.elementor-element-79d0a3f .eael-feature-list-img{width:29px;height:29px;}.elementor-4095 .elementor-element.elementor-element-79d0a3f .-icon-position-left .eael-feature-list-content-box, .elementor-4095 .elementor-element.elementor-element-79d0a3f .-icon-position-right .eael-feature-list-content-box, .elementor-4095 .elementor-element.elementor-element-79d0a3f .-icon-position-top .eael-feature-list-content-box{margin:30px;}.elementor-4095 .elementor-element.elementor-element-79d0a3f .eael-feature-list-item .eael-feature-list-title{margin-bottom:10px;}.elementor-4095 .elementor-element.elementor-element-79d0a3f .eael-feature-list-content-box .eael-feature-list-title, .elementor-4095 .elementor-element.elementor-element-79d0a3f .eael-feature-list-content-box .eael-feature-list-title > a, .elementor-4095 .elementor-element.elementor-element-79d0a3f .eael-feature-list-content-box .eael-feature-list-title:visited{color:#414247;}.elementor-widget-image .widget-image-caption{color:var( --e-global-color-text );font-family:var( --e-global-typography-text-font-family ), Sans-serif;font-weight:var( --e-global-typography-text-font-weight );}@media(max-width:1024px){.elementor-4095 .elementor-element.elementor-element-79d0a3f .-icon-position-left .eael-feature-list-content-box, .elementor-4095 .elementor-element.elementor-element-79d0a3f .-icon-position-right .eael-feature-list-content-box, .elementor-4095 .elementor-element.elementor-element-79d0a3f .-icon-position-top .eael-feature-list-content-box{margin:20px;}}@media(min-width:768px){.elementor-4095 .elementor-element.elementor-element-3ef9cbe2{width:70.789%;}.elementor-4095 .elementor-element.elementor-element-43c81fd{width:29.081%;}}@media(max-width:767px){.elementor-4095 .elementor-element.elementor-element-79d0a3f .-mobile-icon-position-left .eael-feature-list-content-box{margin:0 0 0 10px !important;}.elementor-4095 .elementor-element.elementor-element-79d0a3f .-mobile-icon-position-right .eael-feature-list-content-box{margin:0 10px 0 0 !important;}.elementor-4095 .elementor-element.elementor-element-79d0a3f .-icon-position-left .eael-feature-list-content-box, .elementor-4095 .elementor-element.elementor-element-79d0a3f .-icon-position-right .eael-feature-list-content-box, .elementor-4095 .elementor-element.elementor-element-79d0a3f .-icon-position-top .eael-feature-list-content-box{margin:10px;}}<\/style>\t\t<div data-elementor-type=\"wp-post\" data-elementor-id=\"4095\" class=\"elementor elementor-4095\" data-elementor-post-type=\"post\">\n\t\t\t\t\t\t<section class=\"elementor-section elementor-top-section elementor-element elementor-element-49c5ed75 elementor-section-boxed elementor-section-height-default elementor-section-height-default\" data-id=\"49c5ed75\" data-element_type=\"section\" data-e-type=\"section\">\n\t\t\t\t\t\t<div class=\"elementor-container elementor-column-gap-default\">\n\t\t\t\t\t<div class=\"elementor-column elementor-col-50 elementor-top-column elementor-element elementor-element-3ef9cbe2\" data-id=\"3ef9cbe2\" data-element_type=\"column\" data-e-type=\"column\">\n\t\t\t<div class=\"elementor-widget-wrap elementor-element-populated\">\n\t\t\t\t\t\t<div class=\"elementor-element elementor-element-5e2a20e9 elementor-widget elementor-widget-text-editor\" data-id=\"5e2a20e9\" data-element_type=\"widget\" data-e-type=\"widget\" data-widget_type=\"text-editor.default\">\n\t\t\t\t<div class=\"elementor-widget-container\">\n\t\t\t\t\t\t\t\t\t<h1>eObjects 5D Technologie<\/h1><p>Tauchen Sie ein in die Welt eines innovativen Bauprojektmanagements mit unserer eObjects 5D Softwarel\u00f6sung \u2013 jetzt mit nahtloser Integration von DGN- und DWG-Dateien! Unsere innovative Technologie bietet nicht nur die Leistungsf\u00e4higkeit von Building Information Modeling (BIM), sondern geht einen Schritt weiter, um Ihre Projekte noch effizienter und pr\u00e4ziser zu gestalten.Tauchen Sie ein in die Welt eines innovativen Bauprojektmanagements mit unserer eObjects 5D Softwarel\u00f6sung \u2013 jetzt mit nahtloser Integration von DGN- und DWG-Dateien! Unsere innovative Technologie bietet nicht nur die Leistungsf\u00e4higkeit von Building Information Modeling (BIM), sondern geht einen Schritt weiter, um Ihre Projekte noch effizienter und pr\u00e4ziser zu gestalten.<\/p><h4>Die Highlights unserer eObjects 5D L\u00f6sung mit DGN- und DWG-Integration:<\/h4><ul id=\"eael-feature-list-a60bf3a\"><li>\u00a0<\/li><\/ul>\t\t\t\t\t\t\t\t<\/div>\n\t\t\t\t<\/div>\n\t\t\t\t<div class=\"elementor-element elementor-element-79d0a3f elementor-widget elementor-widget-eael-feature-list\" data-id=\"79d0a3f\" data-element_type=\"widget\" data-e-type=\"widget\" data-widget_type=\"eael-feature-list.default\">\n\t\t\t\t<div class=\"elementor-widget-container\">\n\t\t\t\t\t\t\t<div class=\"-icon-position-left -tablet-icon-position-left -mobile-icon-position-left\">\n\t\t\t<ul id=\"eael-feature-list-79d0a3f\" class=\"eael-feature-list-items circle stacked  eael-feature-list-vertical\">\n\t\t\t                <li class=\"eael-feature-list-item elementor-repeater-item-4693816\">\n                    \n\t\t\t\t\t\t<div class=\"eael-feature-list-icon-box\">\n\t\t\t\t\t\t\t<div class=\"eael-feature-list-icon-inner\">\n\n\t\t\t\t\t\t\t\t<span class=\"eael-feature-list-icon fl-icon-0\">\n\n\t\t<i aria-hidden=\"true\" class=\"fas fa-check-double\"><\/i>\t\t\t\t\t\t\t\t<\/span>\n\t\t\t\t\t\t\t<\/div>\n\t\t\t\t\t\t<\/div>\n\t\t\t\t\t\t<div class=\"eael-feature-list-content-box\">\n                            <h2 class=\"eael-feature-list-title\">Universelle Dateikompatibilit\u00e4t<\/h2>\t\t\t\t\t\t<p class=\"eael-feature-list-content\">Integrieren Sie m\u00fchelos DGN-, DWG- und IFC-Dateien in unsere eObjects 5D Software, um eine konsistente und umfassende Datenbasis f\u00fcr Ihr Bauprojekte oder Liegenschaftsverwaltung zu schaffen.<\/p>\n\t\t\t\t\t\t<\/div>\n\n\t\t\t\t\t<\/li>\n\t\t\t\t                <li class=\"eael-feature-list-item elementor-repeater-item-cc97c97\">\n                    \n\t\t\t\t\t\t<div class=\"eael-feature-list-icon-box\">\n\t\t\t\t\t\t\t<div class=\"eael-feature-list-icon-inner\">\n\n\t\t\t\t\t\t\t\t<span class=\"eael-feature-list-icon fl-icon-1\">\n\n\t\t<i aria-hidden=\"true\" class=\"fab fa-codepen\"><\/i>\t\t\t\t\t\t\t\t<\/span>\n\t\t\t\t\t\t\t<\/div>\n\t\t\t\t\t\t<\/div>\n\t\t\t\t\t\t<div class=\"eael-feature-list-content-box\">\n                            <h2 class=\"eael-feature-list-title\">   Detaillierte 3D-Visualisierung<\/h2>\t\t\t\t\t\t<p class=\"eael-feature-list-content\"> Erleben Sie Ihre Bauprojekte Liegenschaftsprojekte in beeindruckender 3D-Grafik.<\/p>\n\t\t\t\t\t\t<\/div>\n\n\t\t\t\t\t<\/li>\n\t\t\t\t                <li class=\"eael-feature-list-item elementor-repeater-item-37772d5\">\n                    \n\t\t\t\t\t\t<div class=\"eael-feature-list-icon-box\">\n\t\t\t\t\t\t\t<div class=\"eael-feature-list-icon-inner\">\n\n\t\t\t\t\t\t\t\t<span class=\"eael-feature-list-icon fl-icon-2\">\n\n\t\t<i aria-hidden=\"true\" class=\"fas fa-hands-helping\"><\/i>\t\t\t\t\t\t\t\t<\/span>\n\t\t\t\t\t\t\t<\/div>\n\t\t\t\t\t\t<\/div>\n\t\t\t\t\t\t<div class=\"eael-feature-list-content-box\">\n                            <h2 class=\"eael-feature-list-title\">Kollaborative Planung<\/h2>\t\t\t\t\t\t<p class=\"eael-feature-list-content\">Stellen Sie eine reibungslose Zusammenarbeit zwischen Planung und Verwaltung von Objekten \/ Liegenschaften sicher. Teilen Sie DGN- und DWG-Dateien problemlos f\u00fcr eine effektive Teamarbeit in einer Lifecycle Umgebung.<\/p>\n\t\t\t\t\t\t<\/div>\n\n\t\t\t\t\t<\/li>\n\t\t\t\t                <li class=\"eael-feature-list-item elementor-repeater-item-8ec1f68\">\n                    \n\t\t\t\t\t\t<div class=\"eael-feature-list-icon-box\">\n\t\t\t\t\t\t\t<div class=\"eael-feature-list-icon-inner\">\n\n\t\t\t\t\t\t\t\t<span class=\"eael-feature-list-icon fl-icon-3\">\n\n\t\t<i aria-hidden=\"true\" class=\"fas fa-project-diagram\"><\/i>\t\t\t\t\t\t\t\t<\/span>\n\t\t\t\t\t\t\t<\/div>\n\t\t\t\t\t\t<\/div>\n\t\t\t\t\t\t<div class=\"eael-feature-list-content-box\">\n                            <h2 class=\"eael-feature-list-title\">eObjects 5D Projektmanagement<\/h2>\t\t\t\t\t\t<p class=\"eael-feature-list-content\">Nutzen Sie die volle Power von eObjects 5D, um nicht nur Raum und Zeit zu steuern, sondern auch Kosten in Echtzeit zu \u00fcberwachen und zu prognostizieren.<\/p>\n\t\t\t\t\t\t<\/div>\n\n\t\t\t\t\t<\/li>\n\t\t\t\t                <li class=\"eael-feature-list-item elementor-repeater-item-31004f8\">\n                    \n\t\t\t\t\t\t<div class=\"eael-feature-list-icon-box\">\n\t\t\t\t\t\t\t<div class=\"eael-feature-list-icon-inner\">\n\n\t\t\t\t\t\t\t\t<span class=\"eael-feature-list-icon fl-icon-4\">\n\n\t\t<i aria-hidden=\"true\" class=\"far fa-file-image\"><\/i>\t\t\t\t\t\t\t\t<\/span>\n\t\t\t\t\t\t\t<\/div>\n\t\t\t\t\t\t<\/div>\n\t\t\t\t\t\t<div class=\"eael-feature-list-content-box\">\n                            <h2 class=\"eael-feature-list-title\">Effiziente Dokumentation<\/h2>\t\t\t\t\t\t<p class=\"eael-feature-list-content\">Erstellen Sie umfassende Berichte und Dokumentationen auf Basis von DGN- und DWG-Dateien. Unsere Software unterst\u00fctzt Sie dabei, alle relevanten Informationen stets griffbereit zu haben.<\/p>\n\t\t\t\t\t\t<\/div>\n\n\t\t\t\t\t<\/li>\n\t\t\t\t                <li class=\"eael-feature-list-item elementor-repeater-item-a74fc6b\">\n                    \n\t\t\t\t\t\t<div class=\"eael-feature-list-icon-box\">\n\t\t\t\t\t\t\t<div class=\"eael-feature-list-icon-inner\">\n\n\t\t\t\t\t\t\t\t<span class=\"eael-feature-list-icon fl-icon-5\">\n\n\t\t<i aria-hidden=\"true\" class=\"fas fa-city\"><\/i>\t\t\t\t\t\t\t\t<\/span>\n\t\t\t\t\t\t\t<\/div>\n\t\t\t\t\t\t<\/div>\n\t\t\t\t\t\t<div class=\"eael-feature-list-content-box\">\n                            <h2 class=\"eael-feature-list-title\">Skalierbarkeit und Anpassbarkeit<\/h2>\t\t\t\t\t\t<p class=\"eael-feature-list-content\">Unsere Software passt sich Ihren spezifischen Anforderungen an und w\u00e4chst mit Ihrem Unternehmen. Skalieren Sie Ihre eObjects 5D-L\u00f6sung je nach Bedarf und bleiben Sie flexibel in einem sich st\u00e4ndig ver\u00e4ndernden Marktumfeld.<\/p>\n\t\t\t\t\t\t<\/div>\n\n\t\t\t\t\t<\/li>\n\t\t\t\t\t\t\t<\/ul>\n\t\t<\/div>\n\t\t\t\t\t\t<\/div>\n\t\t\t\t<\/div>\n\t\t\t\t<div class=\"elementor-element elementor-element-cfe65c2 elementor-widget elementor-widget-text-editor\" data-id=\"cfe65c2\" data-element_type=\"widget\" data-e-type=\"widget\" data-widget_type=\"text-editor.default\">\n\t\t\t\t<div class=\"elementor-widget-container\">\n\t\t\t\t\t\t\t\t\t<h4>Informieren Sie sich direkt bei uns \u00fcber Ihre M\u00f6glichkeiten eObjects &#8211; Studio 5D effizent f\u00fcr Ihre Aufgaben zunutzen<\/h4><p>Rufen Sie uns an <a href=\"tel:0049.211.440338.70\">+49.211.440338.70<\/a>\u00a0 oder senden Sie uns einfach eine E-Mail mit Ihren W\u00fcnschen: <b><a href=\"mailto:service@ab-date.de\">service@ab-date.de<\/a><\/b> oder f\u00fcllen Sie unser Kontaktformular aus.<\/p>\t\t\t\t\t\t\t\t<\/div>\n\t\t\t\t<\/div>\n\t\t\t\t\t<\/div>\n\t\t<\/div>\n\t\t\t\t<div class=\"elementor-column elementor-col-50 elementor-top-column elementor-element elementor-element-43c81fd\" data-id=\"43c81fd\" data-element_type=\"column\" data-e-type=\"column\">\n\t\t\t<div class=\"elementor-widget-wrap elementor-element-populated\">\n\t\t\t\t\t\t<div class=\"elementor-element elementor-element-84ea95c elementor-widget elementor-widget-image\" data-id=\"84ea95c\" data-element_type=\"widget\" data-e-type=\"widget\" data-widget_type=\"image.default\">\n\t\t\t\t<div class=\"elementor-widget-container\">\n\t\t\t\t\t\t\t\t\t\t\t\t\t\t\t<img decoding=\"async\" src=\"https:\/\/ab-date.de\/wp-content\/uploads\/sites\/9\/2024\/01\/5d-bim-aec-time-costs-1.png\" title=\"\" alt=\"\" loading=\"lazy\" \/>\t\t\t\t\t\t\t\t\t\t\t\t\t\t\t<\/div>\n\t\t\t\t<\/div>\n\t\t\t\t<div class=\"elementor-element elementor-element-2be867e elementor-widget elementor-widget-image\" data-id=\"2be867e\" data-element_type=\"widget\" data-e-type=\"widget\" data-widget_type=\"image.default\">\n\t\t\t\t<div class=\"elementor-widget-container\">\n\t\t\t\t\t\t\t\t\t\t\t\t\t\t\t<img decoding=\"async\" src=\"https:\/\/ab-date.de\/wp-content\/uploads\/sites\/9\/2024\/01\/Data_sheets-1.png\" title=\"\" alt=\"\" loading=\"lazy\" \/>\t\t\t\t\t\t\t\t\t\t\t\t\t\t\t<\/div>\n\t\t\t\t<\/div>\n\t\t\t\t<div class=\"elementor-element elementor-element-6f9ca90 elementor-widget elementor-widget-image\" data-id=\"6f9ca90\" data-element_type=\"widget\" data-e-type=\"widget\" data-widget_type=\"image.default\">\n\t\t\t\t<div class=\"elementor-widget-container\">\n\t\t\t\t\t\t\t\t\t\t\t\t\t\t\t<img decoding=\"async\" src=\"https:\/\/ab-date.de\/wp-content\/uploads\/sites\/9\/2024\/01\/3d-design-and-data-sheets-1.png\" title=\"\" alt=\"\" loading=\"lazy\" \/>\t\t\t\t\t\t\t\t\t\t\t\t\t\t\t<\/div>\n\t\t\t\t<\/div>\n\t\t\t\t\t<\/div>\n\t\t<\/div>\n\t\t\t\t\t<\/div>\n\t\t<\/section>\n\t\t\t\t<section class=\"elementor-section elementor-top-section elementor-element elementor-element-b6350bc elementor-section-boxed elementor-section-height-default elementor-section-height-default\" data-id=\"b6350bc\" data-element_type=\"section\" data-e-type=\"section\">\n\t\t\t\t\t\t<div class=\"elementor-container elementor-column-gap-default\">\n\t\t\t\t\t<div class=\"elementor-column elementor-col-100 elementor-top-column elementor-element elementor-element-ddf71b5\" data-id=\"ddf71b5\" data-element_type=\"column\" data-e-type=\"column\">\n\t\t\t<div class=\"elementor-widget-wrap\">\n\t\t\t\t\t\t\t<\/div>\n\t\t<\/div>\n\t\t\t\t\t<\/div>\n\t\t<\/section>\n\t\t\t\t<\/div>\n\t\t<\/div>\t\t<\/div>\n\t\t\t\t<\/article>\n\t\t\t\t<\/div>\n\t\t\n\t\t\t\t\t\t<\/div>\n\t\t\t\t<\/div>\n\t\t\t\t\t<\/div>\n\t\t<\/div>\n\t\t\t\t\t<\/div>\n\t\t<\/section>\n\t\t\t\t<\/div>\n\t\t","protected":false},"excerpt":{"rendered":"","protected":false},"author":1,"featured_media":0,"parent":0,"menu_order":0,"comment_status":"closed","ping_status":"closed","template":"","meta":{"ocean_post_layout":"","ocean_both_sidebars_style":"","ocean_both_sidebars_content_width":0,"ocean_both_sidebars_sidebars_width":0,"ocean_sidebar":"","ocean_second_sidebar":"","ocean_disable_margins":"enable","ocean_add_body_class":"","ocean_shortcode_before_top_bar":"","ocean_shortcode_after_top_bar":"","ocean_shortcode_before_header":"","ocean_shortcode_after_header":"","ocean_has_shortcode":"","ocean_shortcode_after_title":"","ocean_shortcode_before_footer_widgets":"","ocean_shortcode_after_footer_widgets":"","ocean_shortcode_before_footer_bottom":"","ocean_shortcode_after_footer_bottom":"","ocean_display_top_bar":"default","ocean_display_header":"default","ocean_header_style":"","ocean_center_header_left_menu":"","ocean_custom_header_template":"","ocean_custom_logo":0,"ocean_custom_retina_logo":0,"ocean_custom_logo_max_width":0,"ocean_custom_logo_tablet_max_width":0,"ocean_custom_logo_mobile_max_width":0,"ocean_custom_logo_max_height":0,"ocean_custom_logo_tablet_max_height":0,"ocean_custom_logo_mobile_max_height":0,"ocean_header_custom_menu":"","ocean_menu_typo_font_family":"","ocean_menu_typo_font_subset":"","ocean_menu_typo_font_size":0,"ocean_menu_typo_font_size_tablet":0,"ocean_menu_typo_font_size_mobile":0,"ocean_menu_typo_font_size_unit":"px","ocean_menu_typo_font_weight":"","ocean_menu_typo_font_weight_tablet":"","ocean_menu_typo_font_weight_mobile":"","ocean_menu_typo_transform":"","ocean_menu_typo_transform_tablet":"","ocean_menu_typo_transform_mobile":"","ocean_menu_typo_line_height":0,"ocean_menu_typo_line_height_tablet":0,"ocean_menu_typo_line_height_mobile":0,"ocean_menu_typo_line_height_unit":"","ocean_menu_typo_spacing":0,"ocean_menu_typo_spacing_tablet":0,"ocean_menu_typo_spacing_mobile":0,"ocean_menu_typo_spacing_unit":"","ocean_menu_link_color":"","ocean_menu_link_color_hover":"","ocean_menu_link_color_active":"","ocean_menu_link_background":"","ocean_menu_link_hover_background":"","ocean_menu_link_active_background":"","ocean_menu_social_links_bg":"","ocean_menu_social_hover_links_bg":"","ocean_menu_social_links_color":"","ocean_menu_social_hover_links_color":"","ocean_disable_title":"default","ocean_disable_heading":"default","ocean_post_title":"","ocean_post_subheading":"","ocean_post_title_style":"","ocean_post_title_background_color":"","ocean_post_title_background":0,"ocean_post_title_bg_image_position":"","ocean_post_title_bg_image_attachment":"","ocean_post_title_bg_image_repeat":"","ocean_post_title_bg_image_size":"","ocean_post_title_height":0,"ocean_post_title_bg_overlay":0.5,"ocean_post_title_bg_overlay_color":"","ocean_disable_breadcrumbs":"default","ocean_breadcrumbs_color":"","ocean_breadcrumbs_separator_color":"","ocean_breadcrumbs_links_color":"","ocean_breadcrumbs_links_hover_color":"","ocean_display_footer_widgets":"default","ocean_display_footer_bottom":"default","ocean_custom_footer_template":"","footnotes":""},"class_list":["post-5467","page","type-page","status-publish","hentry","entry","has-media"],"aioseo_notices":[],"_links":{"self":[{"href":"https:\/\/eobjects.de\/index.php?rest_route=\/wp\/v2\/pages\/5467","targetHints":{"allow":["GET"]}}],"collection":[{"href":"https:\/\/eobjects.de\/index.php?rest_route=\/wp\/v2\/pages"}],"about":[{"href":"https:\/\/eobjects.de\/index.php?rest_route=\/wp\/v2\/types\/page"}],"author":[{"embeddable":true,"href":"https:\/\/eobjects.de\/index.php?rest_route=\/wp\/v2\/users\/1"}],"replies":[{"embeddable":true,"href":"https:\/\/eobjects.de\/index.php?rest_route=%2Fwp%2Fv2%2Fcomments&post=5467"}],"version-history":[{"count":13,"href":"https:\/\/eobjects.de\/index.php?rest_route=\/wp\/v2\/pages\/5467\/revisions"}],"predecessor-version":[{"id":5482,"href":"https:\/\/eobjects.de\/index.php?rest_route=\/wp\/v2\/pages\/5467\/revisions\/5482"}],"wp:attachment":[{"href":"https:\/\/eobjects.de\/index.php?rest_route=%2Fwp%2Fv2%2Fmedia&parent=5467"}],"curies":[{"name":"wp","href":"https:\/\/api.w.org\/{rel}","templated":true}]}}